1101101111
c7 (base 16) to base 10
199
What is -116b (base 14) in base 10?
-3035
Convert -61103 (base 7) to base 8.
-34721
What is -7241 (base 10) in base 9?
-10835
Convert aa6 (base 16) to base 7.
10643
-13016 (base 8) to base 6
-42050
What is 22102010 (base 3) in base 9?
8363
What is 1835 (base 14) in base 15?
1459
What is -31155 (base 6) in base 14?
-1743
4776 (base 8) to base 5
40213
72752 (base 9) to base 6
1010115
What is -20042 (base 13) in base 6?
-1120412
Convert 21a4 (base 12) to base 13.
1906
Convert 14b30 (base 12) to base 10.
29268
Convert -607 (base 11) to base 12.
-511
What is 1220 (base 14) in base 13?
1595
What is 4337 (base 9) in base 11?
2443
3729 (base 11) to base 8
11407
Convert 6609 (base 11) to base 6.
104213
Convert -69cb (base 13) to base 9.
-22352
Convert 21763 (base 8) to base 7.
35555
Convert 667f (base 16) to base 9.
38884
What is -21310 (base 4) in base 11?
-521
Convert 364 (base 9) to base 4.
10231
-931 (base 11) to base 14
-5a3
Convert -245 (base 8) to base 15.
-b0
300320 (base 4) to base 3
11021212
What is -11110200 (base 3) in base 12?
-1a76
Convert 20322 (base 4) to base 15.
280
32212 (base 4) to base 13
56b
-10011110110 (base 2) to base 11
-a55
What is -2504 (base 9) in base 4?
-131023
-1000010111000010 (base 2) to base 13
-12780
Convert a3 (base 11) to base 13.
89
Convert -1140 (base 14) to base 9.
-4088
Convert 238 (base 11) to base 13.
18a
-767 (base 11) to base 2
-1110011000
What is -894 (base 14) in base 16?
-6a2
Convert 12436 (base 12) to base 4.
12003222
-12d3 (base 16) to base 15
-1664
-79ed (base 15) to base 10
-25873
What is 7a9d (base 16) in base 10?
31389
What is -16001 (base 7) in base 15?
-14c5
Convert 645 (base 11) to base 2.
1100000111
323353 (base 6) to base 3
1100122020
-43 (base 14) to base 16
-3b
Convert -71181 (base 9) to base 8.
-133332
20423 (base 7) to base 14
1b83
-102120 (base 3) to base 12
-220
What is -273 (base 12) in base 15?
-1a0
Convert -1101001000111 (base 2) to base 8.
-15107
What is a224 (base 16) in base 13?
15b7c
Convert -3b89 (base 12) to base 9.
-10376
Convert -10211 (base 3) to base 16.
-67
-2211 (base 5) to base 2
-100110010
-11533 (base 9) to base 7
-31344
Convert -101122010 (base 4) to base 15.
-161d5
-2442 (base 6) to base 2
-1001011010
Convert -10122210 (base 3) to base 4.
-221223
What is 289 (base 11) in base 10?
339
What is -205354 (base 6) in base 16?
-4186
Convert 11013 (base 4) to base 16.
147
1940 (base 12) to base 9
4183
257 (base 8) to base 16
af
What is 343 (base 14) in base 3?
212222
-3561 (base 14) to base 13
-4302
What is -1102201 (base 3) in base 12?
-731
What is 4373 (base 11) in base 5?
141032
-1337 (base 11) to base 2
-11011000110
What is -1001000110 (base 2) in base 6?
-2410
What is 2320431 (base 5) in base 15?
c696
What is -1339 (base 10) in base 16?
-53b
What is -20211 (base 5) in base 9?
-1711
Convert -143231 (base 8) to base 3.
-2120202000
What is 11001 (base 2) in base 9?
27
-1025414 (base 6) to base 16
-c532
Convert -235a (base 12) to base 16.
-f76
What is 45061 (base 7) in base 2?
10110001100010
Convert -9a0b (base 13) to base 2.
-101001111100010
What is -211212120 (base 3) in base 7?
-66420
What is -23453 (base 6) in base 15?
-102c
-2660 (base 11) to base 15
-1054
What is 133031 (base 5) in base 16?
150f
Convert -46720 (base 10) to base 14.
-13052
11736 (base 8) to base 13
2413
-31213 (base 6) to base 5
-113220
What is 1437 (base 10) in base 3?
1222020
What is 4bc (base 14) in base 3?
1022012
What is 3141 (base 6) in base 2?
1011000101
Convert 15863 (base 9) to base 2.
10101010011111
-402 (base 9) to base 11
-277
Convert 5584 (base 10) to base 9.
7584
What is 1214 (base 8) in base 11?
543
Convert a717 (base 15) to base 5.
2112342
What is -2525 (base 14) in base 7?
-24645
Convert 30340 (base 5) to base 8.
3662
-1bcd (base 14) to base 10
-5081
Convert -1446 (base 14) to base 5.
-103330
110022100 (base 3) to base 12
5239
Convert 14083 (base 9) to base 15.
2c6c
Convert 15aaa (base 14) to base 2.
1101001111100110
What is -1001001100 (base 2) in base 9?
-723
Convert 110101000 (base 2) to base 7.
1144
Convert 20022233 (base 4) to base 12.
1743b
-24bb (base 14) to base 8
-14445
What is 10101 (base 3) in base 14?
67
-100000 (base 2) to base 15
-22
What is 3313032 (base 4) in base 7?
64062
-1003013 (base 4) to base 6
-31515
What is -135 (base 13) in base 11?
-184
-28329 (base 10) to base 5
-1401304
What is -82 (base 10) in base 4?
-1102
-112031 (base 4) to base 16
-58d
5900 (base 13) to base 10
12506
-44143 (base 5) to base 9
-4156
What is -3a65 (base 11) in base 16?
-149a
Convert -322 (base 7) to base 3.
-20001
-333552 (base 6) to base 8
-66654
3a91 (base 14) to base 6
115435
12743 (base 10) to base 12
745b
Convert -1123 (base 11) to base 2.
-10111000101
Convert 110110100100100 (base 2) to base 15.
842a
What is -264 (base 11) in base 8?
-470
Convert 1a7 (base 11) to base 4.
3232
2a2 (base 13) to base 12
332
What is 1000111001 (base 2) in base 7?
1442
What is 111011001101001 (base 2) in base 10?
30313
Convert 195b (base 12) to base 3.
11020122
-1451 (base 6) to base 2
-110000111
-11101001100110 (base 2) to base 15
-466a
What is 1b6b (base 13) in base 4?
1000301
5337 (base 15) to base 9
26127
What is -3114 (base 6) in base 9?
-851
Convert -10834 (base 9) to base 6.
-53304
What is 29598 (base 10) in base 2?
111001110011110
What is -13212111 (base 4) in base 15?
-9350
What is 8ba (base 15) in base 9?
2634
Convert -11000011100 (base 2) to base 14.
-7da
40274 (base 9) to base 2
110011101101001
What is 496 (base 12) in base 3?
221120
What is -329 (base 16) in base 3?
-1002222
-a512 (base 14) to base 16
-6f14
Convert 2132102 (base 4) to base 9.
14805
-245015 (base 7) to base 3
-2021122122
Convert 1b5 (base 15) to base 4.
12023
-3019 (base 12) to base 13
-24a5
2330203 (base 4) to base 7
50116
What is 1224 (base 12) in base 5?
31134
What is 2694 (base 13) in base 16?
1599
What is 46038 (base 10) in base 11?
31653
What is -1aa (base 14) in base 3?
-110211
Convert -453 (base 7) to base 15.
-109
What is -11166 (base 7) in base 10?
-2841
What is 51aa (base 11) in base 12?
3ba8
-5fb (base 16) to base 9
-2081
What is 7550 (base 12) in base 9?
18586
What is 34248 (base 10) in base 12?
179a0
Convert -1b20 (base 14) to base 7.
-20240
What is -734 (base 10) in base 14?
-3a6
Convert -103403 (base 7) to base 9.
-26658
-101215 (base 6) to base 16
-1f8b
Convert -853 (base 11) to base 12.
-716
What is 2922 (base 14) in base 7?
30142
What is -1032442 (base 6) in base 9?
-77138
2c89 (base 16) to base 10
11401
Convert 5606 (base 7) to base 10.
2015
Convert 3463 (base 16) to base 15.
3e91
What is 374 (base 15) in base 10?
784
What is 143 (base 10) in base 2?
10001111
Convert 13374 (base 8) to base 9.
8057
1212002111 (base 3) to base 4
20322211
Convert 5637 (base 9) to base 14.
1737
Convert -233101 (base 4) to base 6.
-22001
-9650 (base 14) to base 11
-18544
What is 3464 (base 7) in base 12?
89b
What is 10022121021 (base 3) in base 2?
1111111100101000
Convert -28 (base 15) to base 12.
-32
What is -3334424 (base 5) in base 7?
-333152
What is -38a (base 12) in base 6?
-2254
What is 20011022 (base 3) in base 8?
10612
-ed5f (base 16) to base 14
-18207
-204 (base 13) to base 4
-11112
-401044 (base 5) to base 10
-12649
What is 1013102 (base 4) in base 11?
3478
Convert -23004 (base 5) to base 8.
-3135
Convert -1302 (base 11) to base 16.
-6a0
What is -83e (base 16) in base 8?
-4076
What is -4280 (base 11) in base 3?
-21202102
Convert -2800 (base 13) to base 6.
-42334
10133 (base 5) to base 6
3032
What is 10101101000 (base 2) in base 15?
624
16062 (base 8) to base 2
1110000110010
What is -3475 (base 11) in base 8?
-10717
Convert -1311 (base 9) to base 7.
-2602
What is 1011001000000 (base 2) in base 5?
140241
What is -100111111010 (base 2) in base 15?
-b54
Convert 1500 (base 9) to base 16.
46e
Convert ebe (base 16) to base 15.
11b9
133143 (base 5) to base 6
41035
What is -20120 (base 3) in base 8?
-261
Convert -25457 (base 8) to base 2.
-10101100101111
What is 1534344 (base 6) in base 12?
443b4
-82 (base 12) to base 10
-98
Convert 100101101111 (base 2) to base 15.
ab0
Convert 82 (base 10) to base 14.
5c
What is -1243 (base 8) in base 13?
-3cc
6701 (base 12) to base 16
2c71
23 (base 